s 10133133 (base 4) in base 9?
27213
Convert 588275 (base 12) to base 9.
2610628
14653 (base 9) to base 16
271b
What is 3c8c45 (base 13) in base 11?
919166
What is -1d4894 (base 16) in base 8?
-7244224
What is -100010011110000111011010 (base 2) in base 11?
-5112083
Convert -111221102202012 (base 3) to base 6.
-422450352
120587 (base 9) to base 8
215717
What is 225368 (base 10) in base 16?
37058
330142 (base 5) to base 9
16442
2442405 (base 6) to base 11
89897
-1c5c41 (base 15) to base 11
-867785
Convert 14404134 (base 5) to base 10.
153669
-1217090 (base 10) to base 9
-2254472
Convert 1455420 (base 6) to base 3.
11100020210
-c07c52 (base 13) to base 16
-44409e
-599584 (base 11) to base 16
-e7dc4
What is -5292701 (base 10) in base 9?
-10856188
-ad1b8 (base 16) to base 7
-6012124
Convert 36706540 (base 8) to base 12.
2865a00
68118d (base 14) to base 13
96b0cb
What is 2223139 (base 10) in base 16?
21ec23
Convert -23691 (base 14) to base 12.
-41b93
What is -311022322 (base 4) in base 12?
-a604a
What is 47048 (base 10) in base 7?
254111
166326 (base 12) to base 6
12122050
What is -20222211122 (base 3) in base 11?
-94479
5241a (base 13) to base 11
a1133
Convert -7131311 (base 9) to base 12.
-1332b61
What is d920 (base 14) in base 7?
214140
Convert 200000112322 (base 4) to base 14.
1185870
-463d8 (base 15) to base 2
-110110100110001100
What is 1435ba (base 16) in base 13?
374b18
What is 1000010100100111110 (base 2) in base 13?
97181
What is -212121100011 (base 3) in base 15?
-929ea
What is -111001100000110101 (base 2) in base 9?
-388127
What is -7530638 (base 10) in base 9?
-15147075
8104845 (base 10) to base 9
16222673
Convert -2031051 (base 6) to base 14.
-27727
Convert 3516013 (base 7) to base 16.
6bc6b
What is -68b1ac (base 13) in base 7?
-30041301
-322121 (base 9) to base 3
-100202010201
Convert 97598 (base 10) to base 11.
67366
What is -361578 (base 10) in base 9?
-610883
What is -5a5506 (base 11) in base 14?
-1ad671
Convert 11302403 (base 5) to base 10.
103478
-101132340 (base 6) to base 16
-1a8704
Convert 111250521 (base 6) to base 15.
2a103d
100203303201 (base 4) to base 7
51616602
Convert -5223024 (base 9) to base 12.
-b26b4a
Convert 2544043 (base 7) to base 13.
b748a
What is 1001001100101000 (base 2) in base 5?
2201142
What is -20a371a (base 14) in base 6?
-1311113004
Convert -5a059 (base 13) to base 7.
-1254416
What is 31535324 (base 6) in base 7?
10623433
-7243d7 (base 14) to base 16
-3acc29
Convert -11000010110101111011100 (base 2) to base 11.
-3670936
1521b9 (base 14) to base 4
2303220013
12421254 (base 8) to base 9
5167818
Convert 2cacc3 (base 13) to base 9.
2070820
What is 21211021222 (base 4) in base 10?
2511466
What is -12077720 (base 8) in base 12?
-a7bb80
What is -622136 (base 8) in base 2?
-110010010001011110
What is -3c9a7 (base 13) in base 16?
-1bc29
Convert 330031111 (base 4) to base 7.
2044663
Convert 110302130013 (base 4) to base 7.
64214460
10212221111 (base 3) to base 16
12ad8
10010100101101110011100 (base 2) to base 10
4873116
What is -42464 (base 12) in base 14?
-23a20
-34577176 (base 8) to base 3
-112011212210112
-100011001011100111101 (base 2) to base 12
-477191
4323445 (base 11) to base 14
101cbc1
-5872a4 (base 11) to base 9
-1670477
Convert -31145213 (base 7) to base 5.
-1132212022
Convert 1403103 (base 7) to base 10.
185958
Convert 84166 (base 12) to base 10.
173022
Convert -68072 (base 11) to base 13.
-35b37
-197921 (base 10) to base 11
-125779
-24a87 (base 15) to base 2
-11100100110000111
What is 22dcd (base 16) in base 11?
98316
Convert -9b01ab (base 16) to base 9.
-21102760
What is -40304 (base 6) in base 15?
-1881
Convert -253077 (base 8) to base 7.
-513303
172872 (base 9) to base 16
1a28b
Convert 132100 (base 5) to base 4.
1102123
What is 17407542 (base 9) in base 14?
1238c46
What is -1cab71 (base 16) in base 11?
-1073709
Convert -201002022112 (base 3) to base 2.
-1011011101101110001
What is -4595068 (base 10) in base 2?
-10001100001110101111100
What is 10112200112 (base 3) in base 15?
15a05
What is -40303331 (base 6) in base 7?
-12502555
Convert 1aa927 (base 12) to base 15.
95a34
-1b897 (base 15) to base 2
-10101111001011100
What is -10001011010 (base 2) in base 3?
-1112021
164f1 (base 16) to base 14
2542d
Convert -5ca48 (base 13) to base 8.
-515647
What is -7051 (base 12) in base 9?
-17607
430412 (base 6) to base 13
12cc5
What is -77050 (base 15) in base 3?
-201012121210
What is -101c67 (base 13) in base 6?
-12014523
What is -147821 (base 10) in base 2?
-100100000101101101
-49420 (base 10) to base 14
-14020
What is 2338a19 (base 11) in base 7?
46461045
Convert -320030 (base 10) to base 2.
-1001110001000011110
What is -701471 (base 8) in base 2?
-111000001100111001
What is 43813 (base 15) in base 11?
137129
-546347 (base 11) to base 4
-3110330123
Convert a94a1 (base 11) to base 8.
466410
12011011101212 (base 3) to base 5
1200123041
What is -11424400 (base 5) in base 8?
-323104
What is -1a360a (base 14) in base 5?
-214301102
Convert -23352e (base 15) to base 12.
-6913bb
Convert -255424 (base 7) to base 2.
-1011100110111100
What is -47337342 (base 8) in base 13?
-21ac692
201121222202222 (base 3) to base 8
47626523
1000222020002 (base 3) to base 16
8669f
What is -1644413 (base 7) in base 14?
-5d9b3
Convert -1102110401 (base 5) to base 2.
-1001000100110001100011
What is 12222012202010 (base 3) in base 11?
1878043
-18633 (base 13) to base 7
-254406
-100000111001110100111 (base 2) to base 11
-677067
a92b0 (base 13) to base 3
120112120022
What is -31e43 (base 16) in base 4?
-301321003
What is 1b94828 (base 12) in base 16?
5a4ca0
732080 (base 9) to base 13
122a45
What is 20151430 (base 6) in base 10?
574506
Convert -150815 (base 9) to base 10.
-92516
Convert 2110402 (base 5) to base 15.
a602
Convert 202132001 (base 4) to base 2.
100010011110000001
Convert -2010002211110 (base 3) to base 6.
-40031403
-1197a46 (base 13) to base 3
-101022000112222
Convert 6773542 (base 8) to base 14.
359d06
Convert -101100011011011111010110 (base 2) to base 7.
-200666035
-3106636 (base 7) to base 4
-1122312211
What is -2524660 (base 7) in base 14?
-86a67
Convert -52813 (base 14) to base 16.
-309f1
What is -33544150 (base 6) in base 9?
-1831643
What is 449c1 (base 13) in base 12?
60206
Convert -7363b0 (base 12) to base 16.
-1bb1b4
Convert -1125028 (base 9) to base 3.
-1010212000222
What is 3023200320 (base 4) in base 10?
833592
What is 2003 (base 8) in base 2?
10000000011
What is 228241 (base 9) in base 7?
1111102
-2573305 (base 8) to base 11
-450932
What is 41a636 (base 11) in base 9?
1235058
What is 309a96 (base 12) in base 2?
10111010011011010010
-521772 (base 8) to base 10
-173050
Convert -11011110100011000 (base 2) to base 15.
-23b64
-25455 (base 15) to base 14
-31597
What is -502e1 (base 15) in base 16?
-3df5a
What is 10100111011111 (base 2) in base 3?
112201000
Convert 111000111101110110001 (base 2) to base 8.
7075661
Convert -da24c5 (base 15) to base 2.
-100111100111101000101000
2a8171 (base 11) to base 10
479359
304d8b (base 14) to base 7
16554534
What is 102910 (base 10) in base 11?
70355
2103364 (base 7) to base 15
500d7
Convert 525470 (base 10) to base 6.
15132422
Convert 6ddc32 (base 14) to base 15.
4e55b5
Convert -10000001111011100101 (base 2) to base 10.
-532197
Convert -310615 (base 9) to base 13.
-65acb
What is -260a2 (base 14) in base 9?
-152150
What is 5246601 (base 8) in base 11?
8739aa
33100144 (base 7) to base 9
5308341
12331122022 (base 5) to base 16
e66213
What is 464613 (base 9) in base 11?
180665
Convert 203061 (base 10) to base 2.
110001100100110101
Convert 32e4e (base 15) to base 3.
22020000102
Convert 1c0a49 (base 15) to base 16.
14e46a
Convert 53430013 (base 6) to base 12.
63b309
Convert -110403010 (base 5) to base 9.
-813604
What is 16865365 (base 9) in base 5?
4133043240
Convert 486471 (base 9) to base 2.
1000111101001000110
Convert 200112001121 (base 3) to base 2.
1011000111111111111
Convert -110000000101100001 (base 2) to base 7.
-1450142
What is 398675 (base 12) in base 14?
1a962d
Convert -2310037 (base 10) to base 8.
-10637625
What is -72303 (base 8) in base 14?
-ac71
What is 103800 (base 9) in base 15?
13509
d52e6 (base 15) to base 10
675666
Convert -1010110011110001010101 (base 2) to base 3.
-1